ue of -7 + 4 + (2 - -4) - -2?
5
What is -19 - -17 - (1 + -12)?
9
What is -8 + (2 - 3) + (4 - 0)?
-5
Calculate 0 - (2 - 8) - (40 + -27).
-7
Calculate 1 + 0 - 5 - -4.
0
Calculate 1 + -6 - (-40 - -35).
0
What is the value of (1 - 1) + 0 + 2?
2
Calculate -9 + -11 + 9 - -3.
-8
Calculate 6 - 0 - (-67 + 74).
-1
What is -1 + (8 - (-2 - -4))?
5
Evaluate (1 - 6) + 105 + -101.
-1
What is the value of 10 + -8 + 1 - 2?
1
-1 + -8 + (0 - -2) + 3
-4
Evaluate (29 - 21) + (3 - 2).
9
What is 8 - (18 + (7 - 12))?
-5
What is the value of -13 + 6 + (-2 - -8)?
-1
Evaluate -1 - (2 + -3 + 0).
0
Calculate -6 + 0 + (-2 - -3).
-5
Evaluate (-6 - (-6 + 6)) + 8.
2
Calculate -8 + 1 + 0 - -6.
-1
3 + -3 + (-1 - (3 + -6))
2
Evaluate (-4 - (9 + -10)) + 2.
-1
What is 3 + -2 + 6 + -5?
2
What is 5 + (-1 - -2 - -2) + -4?
4
What is the value of (5 - 11 - -13) + (-2 - 2)?
3
What is the value of -3 + -2 + 1 + (0 - -2)?
-2
Calculate -6 + (8 - (-6 + 8)).
0
What is the value of -2 + 4 + (-1 - -4) + -1?
4
6 - 0 - (-17 + 10 + 12)
1
Evaluate 7 + 8 + -21 - (-6 - 2).
2
What is the value of -3 - 0 - 0 - (0 - -2)?
-5
What is (-7 - (-2 - 0)) + 2 - -1?
-2
What is -21 + 0 + (-28 - -40)?
-9
-6 + 11 + -4 - (-3 + 1)
3
What is the value of 11 + (5 - 6) + -6?
4
Evaluate -1 - (0 - (-4 - -3)).
-2
What is the value of -1 - (2 + (5 - 5))?
-3
What is 8 + -5 + (2 - 2 - -1)?
4
What is the value of -1 - -3 - (10 + -11) - 8?
-5
What is 2 + 1 + 21 + -19 - 13?
-8
1 + 5 + -1 + -2 + 0
3
Calculate -2 - (2 - 5) - (1 - 1).
1
What is 2 + ((-2 - 4) + 4 - 3)?
-3
(0 + 4 + 0 - 10) + 13
7
(-1 - 0) + (-25 + 10 - -9)
-7
Evaluate -7 + (-8 - (-20 - -3)).
2
What is the value of 5 + (-5 - (-4 - -6))?
-2
What is -24 + 34 - (5 - -1)?
4
What is the value of 4 - (4 + 1 + -8 + 4)?
3
Evaluate -4 - (5 + (2 - 1) + -13).
3
9 - 7 - (6 + (1 - 1))
-4
2 + (6 - (0 - 2)) + -17
-7
What is -4 + 0 + 11 + -6?
1
Calculate (-3 - -2) + 5 + 1.
5
What is -3 - (-1 + -4 - 4)?
6
Evaluate 8 - (19 - (-7 - -13)).
-5
Evaluate 4 - (-2 - -2 - -4).
0
Evaluate 12 - 11 - 7 - -10.
4
What is the value of 4 - ((1 + 4 - -4) + -3)?
-2
What is -3 - (2 + -8) - 10?
-7
What is 0 + -9 + 3 - (-19 + 23)?
-10
What is (8 - 20) + 4 - -3?
-5
-7 + (0 - (5 - 10))
-2
Evaluate 2 - (2 + (0 - 2)).
2
What is the value of (-2 - -1) + (-9 - -13) + 4?
7
What is (0 - -2) + (-12 - -24 - 16)?
-2
-6 + -3 + 6 + 1
-2
-2 - (5 - 18) - (0 + 5)
6
Evaluate (1 - 5) + -2 + 3.
-3
Calculate -4 + (0 - 1) + 5.
0
Evaluate 3 + (-2 - (-1 - (4 - 3))).
3
Calculate -6 - (-19 - -8 - 0).
5
-3 + 1 + 7 - 1
4
-4 + 0 + 6 + -2
0
What is -1 + (-15 + 7 - -6)?
-3
What is 0 + (-8 + 6 - -8)?
6
9 + 4 + -9 + (0 - -2)
6
(6 - 2 - 5) + 2
1
Evaluate 3 + 12 - 5 - (4 + 0).
6
Evaluate (-11 - -14 - 1) + -4.
-2
Calculate -1 - ((-9 + 2 - -3) + 5).
-2
Evaluate (-4 - -2) + 9 + -13 + 8.
2
What is 0 + -1 + (6 - 2) + -6?
-3
What is -7 - -15 - (6 - -5)?
-3
What is the value of -3 + (2 - 1) + 102 + -97?
3
What is the value of 0 - 1 - 0 - -5 - 4?
0
What is the value of 1 + -1 - (12 + -8 - 6)?
2
What is the value of (1 - -2 - 10) + 2?
-5
Calculate -4 - -7 - (-1 - -8).
-4
Evaluate 0 + -3 + 2 + 4 + -5.
-2
What is 4 - 3 - (2 - 6)?
5
What is (-1 - 6) + (-1 + 2 - -1)?
-5
Evaluate -1 + (0 - 6) - (-1 - 1).
-5
Evaluate -14 - 0 - (52 - 54) - -3.
-9
What is the value of -5 + 5 + -3 - -6?
3
-1 - (-3 + 3) - 0
-1
Calculate -6 + 7 + -6 + (9 - -1).
5
Calculate -5 - ((-1 - 1) + -4 + 3).
-2
-6 + -2 + 4 + 2 + -3
-5
What is -3 + -3 + (-1 - -3)?
-4
Evaluate -6 + (1 - (2 - 3)).
-4
What is (-4 + -3 - -11) + -1 + -4?
-1
What is (1 - -1) + (-1 - 2 - 0)?
-1
Calculate 3 + (5 - 4) + -4 + 0.
0
Evaluate 12 - (2 + 9 + -3).
4
Calculate 0 - (-3 + (1 - 0)) - -3.
5
What is the value of 2 + -10 + -1 + 2 + 2?
-5
What is the value of (0 - (2 - (0 + -1))) + 2?
-1
Evaluate 0 - (-3 - 1) - 4.
0
What is (5 + 0 - 5) + -1 - -3?
2
Calculate -2 - (-2 - (1 - 0)).
1
Calculate 3 - (-3 + (5 - 3) + 7).
-3
Calculate -1 + 3 + 0 - 1.
1
What is the value of -3 + 1 - (-6 - 1)?
5
What is 6 - (-7 - (-24 + 4))?
-7
7 + -6 + 2 - 4
-1
Evaluate (5 - -1) + (-11 - -14) + -15.
-6
What is the value of (8 + -8 - -2) + -4?
-2
Evaluate (3 - (1 - (4 + -12))) + 2.
-4
What is the value of -2 + (19 - 19 - (-1 + 6))?
-7
Evaluate 0 - (-8 + (-13 - -21)).
0
What is the value of -8 + -1 + -11 + 16?
-4
What is the value of 0 - (4 + 6 + -4)?
-6
What is the value of (2 - (6 + -5 - -4)) + -5?
-8
What is the value of -3 - 2 - (28 + -38)?
5
Evaluate 2 + (5 - 3) + 3 + -13.
-6
What is -4 + 9 + -6 + 0?
-1
Calculate -9 + (-1 - (6 + -13)).
-3
(6 - (0 + 5)) + -1
0
What is -2 - -6 - (1 + 4) - 0?
-1
-19 + (9 - -5) + 10
5
What is the value of 0 - 3 - (8 - 12) - -3?
4
(-6 - 2 - -4) + 4
0
Calculate 1 + -3 - (20 + -23).
1
5 - (7 + -4 + -2)
4
Calculate 0 + (6 + -4 - -2).
4
Evaluate -4 - (-4 + 0 - 1) - 5.
-4
What is 5 + 10 + -7 - 14?
-6
What is -4 - -3 - -1 - -2?
2
What is -3 + 1 + 0 + (1 - 1)?
-2
-6 - ((-5 - 1) + 10 - 0)
-10
What is the value of 4 + (4 - (-1 - -4))?
5
-1 - (-1 + -2) - (0 + 2)
0
What is the value of -19 + -22 + 10 + 22?
-9
What is -5 + 2 - (2 - (8 + 0))?
3
Evaluate (6 - (13 - 10)) + 0 + 1.
4
Evaluate -3 + (9 + -3 - 1).
2
What is the value of 6 - (5 + 0) - -2?
3
What is 4 + (2 + -1 - (-1 - -3))?
3
Evaluate -15 - -8 - (1 - 3).
-5
1 - ((-1 - -2) + (1 - 1))
0
Calculate -2 + (3 - -2) + (3 - 2).
4
Calculate 5 + (-7 - (1 + (-3 - -1))).
-1
What is 3 - -1 - (-2 - -2) - 1?
3
Calculate 2 + (-15 - -16) + -1 + -4.
-2
-6 - 0 - (-6 - 0)
0
What is the value of 1 + -6 + 12 + 1 + -13?
-5
What is 0 - (-7 + 3 - -10)?
-6
What is -4 + 5 + (2 + -4 - -3)?
2
Calculate -2 + (-3 + 4 + 2 - 0).
1
What is (2 - -1) + (-7 - -10) - 1?
5
Calculate -3 - -8 - (19 + -19).
5
What is the value of (0 - -6) + (-1 - 2) + -1?
2
Evaluate 0 + 12 - (233 + -231).
10
What is 3 - (6 + -6 - (-9 - -2))?
-4
Evaluate 75 + -65 - (13 + 0).
-3
What is the value of -4 + 0 - (3 + -7 + 2)?
-2
What is -2 + 7 + -5 - (0 + 4)?
-4
Calculate -5 + -1 + (-1 - -4 - -2).
-1
-7 - -1 - ((10 - 12) + 0)
-4
What is -11 - ((-2 - 2) + -2)?
-5
What is 3 + (-4 - 1) + (4 - 3)?
-1
What is the value of -1 + (-12 - -3) + 5?
-5
What is 10 + (-6 - 3) + -7?
-6
Evaluate -8 - -1 - -2 - (1 - 0).
-6
What is (1 - -3) + -52 + 52?
4
2 + 3 - 1 - 0
4
Evaluate -1 - (1 + -2) - (-3 - 0).
3
0 - (-5 + 11 + -5)
-1
-8 - (-19 + 9) - 6
-4
What is the value of -4 + (-5 - (-18 + 8))?
1
What is 1 - ((4 - 8) + 4)?
1
What is the value of 3 + -2 + -2 + 5?
4
Evaluate 9 + -6 + 6 + (-4 - 0).
5
What is the value of 1 + -1 + 6 - (1 - 0)?
5
Calculate -8 - ((-5 + 6 - 1) + -1).
-7
Evaluate 5 + (-3 - -6) - 6.
2
Calculate (-6 - -12 - 1 - 11) + 1.
-5
Calculate 5 + -3 + -1 + 0 + 0.
1
Evaluate 2 + -10 + -1 + (-1 - -5).
-5
What is (7 - 4) + -6 - (-2 + 1)?
-2
What is the value of 7 - (0 + 4 - 3)?
6
What is 5 - (6 + -11 - (-2 - 3))?
5
Calculate 18 - (8 + -11 + 13).
8
Evaluate (-21 - -16) + (-3 - 0 - -7).
-1
What is the value of (-6 - 1) + (-7 - 6 - -23)?
3
Calculate (-1 - 3 - -5 - 2) + -1.
-2
What is -6 + 3 + 1 + (3 - 6)?
-5
Calculate 4 + (3 - 2) - 0.
5
Evaluate 3 + (2 - 4 - 4) + 2.
-1
Calculate 1 + 9 - (6 + -3 + 1).
6
-10 - -7 - (1 + -2)
-2
-1 + 6 + -3 + -7 + 2
-3
Evaluate 2 + 1 - (-10 - -10).
3
What is the value of -28 + 16 - (-8 - 0)?
-4
Calculate (1 - (3 + 6 + -6)) + -4.
-6
-1 + 10 + -6 + 11 + -6
8
What is the value of -10 + 1 - (13 + -23)?
1
What is the value of 6 - (1 + 2) - (1 + 2)?
0
What is the value of -3 + (0 - (-5 + 2))?
0
What is 8 + -8 + -3 - -4?
1
Evaluate 2 + -3 + 2 + -15 + 9.
-5
What is -1 + -3 - (-28 - -21) - 9?
-6
6 + (-9 - -9) - 6
0
(10 - (-14 - -21)) + (0 - 2)
1
What is -1 - (5 + -10) - 9?
-5
Evaluate (-41 - -12 - -6) + 14.
-9
What is the value of (-4 + 0 - 2) + 3 + 4?
1
Evaluate 3 + -3 + 5 + (-1 - 1).
3
Evaluate -3 + (-6 + (5 - 7) - -17).
6
Evaluate -5 - (-4 - (-6 - -1 - -3)).
-3
Calculate 35 + -43 - (2 + 0).
-10
What is the value of -2 + 14 + -16 + (2 - 1)?
-3
(-19 - -17) + (1 - -2)
1
What is the value of 8 + (-10 - 0 - -3) - 7?
-6
What is 0 - (-5 + -5 + 8 + -4)?
6
What is the value of 0 + 0 + (8 - (1 + 2))?
5
(4 - 3) + 0 - (1 + -3)
3
What is the value of 2 + 3 + 4 + -6?
3
What is 0 - (1 + -4 - -4)?
-1
Evaluate -2 - ((-21 - -20) + (1 - 1)).
-1
-2 + 4 + 3 + 2 + -4
3
Calculate (-1 - ((-5 - -8) + 3)) + 11.
4
Calculate 10 - 2 - (49 + -43).
2
Calculate -1 + (-6 - -2) + 7.
2
What is 10 - (-1 + 7) - -3?
7
-10 + 16 - (0 - -11)
-5